?
1100001
What is 10 (base 6) in base 12?
6
What is -10 (base 13) in base 14?
-d
Convert -240 (base 8) to base 2.
-10100000
-212 (base 3) to base 4
-113
Convert 11 (base 2) to base 4.
3
What is -3 (base 16) in base 3?
-10
-42 (base 14) to base 11
-53
What is 120 (base 3) in base 2?
1111
-28 (base 11) to base 16
-1e
-4 (base 6) to base 5
-4
What is -5 (base 9) in base 3?
-12
Convert a6 (base 12) to base 9.
150
-1105 (base 6) to base 5
-2012
78 (base 11) to base 6
221
Convert 146 (base 7) to base 15.
58
What is 2 (base 13) in base 6?
2
What is -2e (base 15) in base 12?
-38
What is -14 (base 6) in base 14?
-a
a (base 14) to base 6
14
-2 (base 15) to base 4
-2
Convert -12 (base 16) to base 11.
-17
What is 11 (base 6) in base 15?
7
What is -24 (base 6) in base 11?
-15
Convert 0 (base 14) to base 12.
0
Convert -1 (base 7) to base 9.
-1
What is 11010 (base 2) in base 10?
26
-3 (base 13) to base 7
-3
Convert -d (base 14) to base 9.
-14
0 (base 14) to base 3
0
Convert 11 (base 2) to base 4.
3
What is e (base 15) in base 5?
24
-51 (base 9) to base 7
-64
Convert -23 (base 12) to base 5.
-102
d (base 16) to base 11
12
-34 (base 8) to base 14
-20
Convert -32 (base 8) to base 6.
-42
36 (base 16) to base 5
204
-15 (base 6) to base 3
-102
What is 10 (base 6) in base 3?
20
Convert -66 (base 10) to base 11.
-60
What is 1212 (base 3) in base 16?
32
Convert -155 (base 7) to base 3.
-10022
Convert -35 (base 10) to base 2.
-100011
Convert -251 (base 13) to base 14.
-20c
What is 2 (base 16) in base 14?
2
What is 32 (base 6) in base 16?
14
What is 1 (base 4) in base 9?
1
-61 (base 11) to base 6
-151
Convert 2 (base 16) to base 11.
2
Convert -21 (base 5) to base 4.
-23
Convert -124 (base 6) to base 4.
-310
What is c (base 13) in base 4?
30
1222 (base 3) to base 15
38
Convert -1 (base 14) to base 10.
-1
-4 (base 14) to base 8
-4
-1 (base 6) to base 16
-1
Convert 0 (base 9) to base 10.
0
1 (base 8) to base 5
1
Convert -31 (base 14) to base 2.
-101011
Convert -6 (base 9) to base 5.
-11
Convert -1b (base 16) to base 2.
-11011
What is -24 (base 12) in base 16?
-1c
-5 (base 14) to base 11
-5
What is 35 (base 7) in base 2?
11010
22 (base 3) to base 13
8
-1 (base 5) to base 14
-1
What is -17 (base 9) in base 16?
-10
16 (base 10) to base 2
10000
What is 123 (base 4) in base 11?
25
124 (base 5) to base 6
103
Convert 2444 (base 5) to base 16.
176
202 (base 3) to base 12
18
What is 1 (base 3) in base 16?
1
22 (base 14) to base 9
33
203 (base 9) to base 6
433
What is 110220 (base 3) in base 5?
2343
-3 (base 11) to base 4
-3
What is -78 (base 14) in base 9?
-127
What is -3 (base 9) in base 6?
-3
1011000 (base 2) to base 11
80
What is -6 (base 9) in base 8?
-6
-2 (base 11) to base 7
-2
200 (base 10) to base 12
148
Convert 14 (base 15) to base 14.
15
-3 (base 6) to base 14
-3
What is 11000 (base 2) in base 16?
18
Convert 11 (base 6) to base 8.
7
-2 (base 15) to base 3
-2
What is 252 (base 9) in base 10?
209
0 (base 3) to base 7
0
Convert -16 (base 10) to base 5.
-31
What is -21 (base 9) in base 16?
-13
What is 1 (base 3) in base 10?
1
-200 (base 5) to base 10
-50
5 (base 12) to base 8
5
What is 4 (base 13) in base 4?
10
What is 26 (base 11) in base 10?
28
-5 (base 10) to base 15
-5
26 (base 10) to base 4
122
100 (base 2) to base 5
4
Convert -10111 (base 3) to base 11.
-86
Convert 16 (base 7) to base 5.
23
What is -4 (base 15) in base 2?
-100
-140 (base 5) to base 13
-36
What is 1 (base 9) in base 13?
1
Convert 2 (base 7) to base 2.
10
15a (base 16) to base 6
1334
Convert 3 (base 10) to base 11.
3
What is 3 (base 15) in base 11?
3
What is -42 (base 13) in base 4?
-312
Convert 1 (base 16) to base 9.
1
11002 (base 3) to base 8
156
Convert -14 (base 8) to base 12.
-10
10 (base 7) to base 5
12
-61 (base 10) to base 5
-221
-123 (base 4) to base 8
-33
-172 (base 11) to base 2
-11001000
-124 (base 8) to base 15
-59
Convert -1 (base 8) to base 3.
-1
What is -111 (base 3) in base 12?
-11
Convert 3 (base 9) to base 10.
3
-5 (base 7) to base 14
-5
What is 2 (base 14) in base 9?
2
Convert 22 (base 13) to base 7.
40
What is -7 (base 9) in base 6?
-11
Convert -2 (base 7) to base 10.
-2
Convert 2 (base 9) to base 3.
2
Convert 202 (base 3) to base 16.
14
14 (base 11) to base 7
21
What is -a2 (base 13) in base 9?
-156
What is -1 (base 6) in base 7?
-1
Convert -240 (base 9) to base 6.
-530
Convert 2 (base 14) to base 6.
2
What is 2b (base 13) in base 15?
27
5 (base 15) to base 9
5
Convert -106 (base 9) to base 4.
-1113
Convert -304 (base 6) to base 5.
-422
Convert 130 (base 15) to base 13.
17a
What is -3 (base 12) in base 9?
-3
What is -2 (base 13) in base 11?
-2
-4 (base 7) to base 9
-4
What is 1 (base 6) in base 3?
1
What is -31 (base 5) in base 15?
-11
Convert 444 (base 5) to base 15.
84
-154 (base 7) to base 10
-88
Convert 102 (base 4) to base 2.
10010
What is 34 (base 13) in base 15?
2d
What is 2 (base 5) in base 4?
2
65 (base 10) to base 7
122
Convert 120 (base 6) to base 15.
33
Convert -5a (base 16) to base 4.
-1122
What is 22101 (base 3) in base 13?
145
7 (base 15) to base 14
7
33 (base 7) to base 5
44
Convert 6 (base 11) to base 4.
12
Convert 25 (base 10) to base 14.
1b
What is 99 (base 10) in base 9?
120
Convert 13 (base 6) to base 8.
11
4 (base 12) to base 6
4
Convert 10 (base 6) to base 13.
6
Convert -86 (base 11) to base 5.
-334
What is 3 (base 16) in base 6?
3
Convert 6 (base 7) to base 14.
6
Convert -82 (base 15) to base 11.
-101
Convert 154 (base 9) to base 4.
2002
-1321 (base 4) to base 11
-100
What is 20 (base 7) in base 4?
32
Convert -d (base 16) to base 12.
-11
What is 8 (base 12) in base 4?
20
-3 (base 10) to base 14
-3
-21 (base 3) to base 14
-7
Convert -17 (base 11) to base 16.
-12
What is 7 (base 12) in base 4?
13
Convert -23 (base 5) to base 9.
-14
What is 0 (base 13) in base 5?
0
60 (base 13) to base 2
1001110
6 (base 9) to base 16
6
What is -3 (base 16) in base 14?
-3
What is 1 (base 6) in base 3?
1
Convert 1 (base 12) to base 15.
1
What is 5 (base 13) in base 5?
10
3 (base 11) to base 2
11
Convert -44 (base 6) to base 5.
-103
-292 (base 10) to base 4
-10210
-13 (base 4) to base 13
-7
-3 (base 12) to base 3
-10
What is 101 (base 2) in base 9?
5
-122 (base 7) to base 15
-45
311 (base 4) to base 16
35
What is 110001 (base 2) in base 5?
144
Convert -3 (base 6) to base 7.
-3
41 (base 12) to base 7
100
-3c (base 14) to base 10
-54
Convert -12101 (base 3) to base 14.
-a5
2202 (base 4) to base 15
ac
Convert -1221 (base 3) to base 8.
-64
What is 32 (base 7) in base 14?
19
What is 333 (base 11) in base 15?
1b9
Convert 1001 (base 2) to base 3.
100
What is -77 (base 12) in base 2?
-1011011
-b (base 14) to base 10
-11
What is -102 (base 6) in base 10?
-38
Convert -4 (base 7) to base 3.
-11
What is 31 (base 7) in base 8?
26
Convert -b (base 14) to base 4.
-23
115 (base 13) to base 4
2323
What is -4 (base 10) in base 3?
-11
What is -1 (base 14) in base 2?
-1
What is -4 (base 12) in base 6?
-4
178 (base 12) to base 9
282
8d (base 15) to base 11
111
Convert 0 (base 12) to base 11.
0
Convert -15 (base 8) to base 10.
-13
What is 464 (base 8) in base 7?
620
a5 (base 11) to base 7
223
What is 3 (base 15) in base 5?
3
Convert -13 (base 14) to base 15.
-12
Convert -131 (base 4) to base 5.
-104
What is -1021 (base 3) in base 8?
-42
-11 (base 4) to base 8
-5
What is -10b (base 14) in base 3?
-21200
Convert 7 (base 14) to base 7.
10
Convert 3 (base 9) to base 16.
3
-3 (base 8) to base 3
-10
Convert 4 (base 8) to base 4.
10
What is -22 (base 10) in base 15?
-17
What is 0 (base 10) in base 9?
0
4 (base 12) to base 4
10
Convert 122 (base 13) to base 12.
145
Convert 11 (base 2) to base 6.
3
Convert 3 (base 5) to base 16.
3
265 (base 7) to base 4
2101
Convert 20 (base 10) to base 15.
15
What is 440 (base 5) in base 15?
80
3 (base 15) to base 11
3
What is -164 (base 13) in base 16?
-fb
What is -17 (base 12) in base 6?
-31
-4 (base 8) to base 14
-4
Convert 89 (base 15) to base 4.
2001
What is 10 (base 4) in base 14?
4
Convert 1 (base 16) to base 6.
1
Convert 11 (base 4) to base 3.
12
What is 6 (base 10) in base 4?
12
What is 2 (base 8) in base 13?
2
What is 1 (base 6) in base 5?
1
Convert -1d (base 15) to base 4.
-130
What is 3 (base 16) in base 14?
3
Convert 2 (base 3) to base 14.
2
Convert -4a (base 